 151?
1
Let n = -219 - -265. What is the units digit of n?
6
Let l(i) = -i**3 + 5*i**2 + 2*i - 7. Let s be 3/6*(9 + 1). Let t be l(s). Suppose t*p = 3 - 0. What is the units digit of p?
1
What is the tens digit of ((-5)/5)/(-1*1)*43?
4
Let c = 702 + -481. What is the units digit of c?
1
Let o = -49 - -83. What is the tens digit of o?
3
Let z = -3 + -8. Let u = 15 + z. What is the units digit of u?
4
Let a(i) = -2 + 6*i + 0*i + i**2 - 2*i**2. Let u be a(5). Suppose 5*x - u = 4*x. What is the units digit of x?
3
Let f be (-264)/10 + 27/(-45). Let a = f + 55. Suppose 4*l - 4*i = a, -2*l - i = 3*l - 35. What is the units digit of l?
7
Suppose 86*k = 91*k - 50. What is the units digit of k?
0
Let w(b) = 2*b**2 - 2*b. Let q be w(6). Suppose -5*a = -a - q. Suppose 4*d + d = -a, 2*p + 7 = -3*d. What is the units digit of p?
1
Let d(o) = 6*o - 10. What is the units digit of d(6)?
6
Let h be 0 + 4 - (-3 + 2). Suppose u = -3*u + 16. Suppose -h = -u*j + 3*j. What is the units digit of j?
5
Suppose 2 = -t + 4. What is the units digit of (-17)/(-5) - t/5?
3
Let v(j) be the first derivative of 16/3*j**3 + 1/2*j**2 - 4 + 0*j. What is the units digit of v(-1)?
5
Let n = -13 + 11. What is the tens digit of (5 + 6)*(n + 3)?
1
Let m(v) = 8*v**2 - 4*v - 1. What is the units digit of m(-3)?
3
Let b(i) = -i**2 - 3*i + 2. Let d be b(-3). Suppose d*z = -3*c + 20, -6*z + z + 76 = c. What is the units digit of z?
6
Let m(w) = -w**3 - 6*w**2 + 5*w - 1. What is the units digit of m(-7)?
3
Suppose -377 - 48 = -5*m. What is the units digit of m?
5
Suppose 0 = -u, 3*u - 48 = -2*o - 2*o. What is the units digit of o?
2
Suppose -5*i = 3*h - 464, -2*h - 2*h + i = -588. What is the units digit of h?
8
Suppose 5*q = -v + 87, -q + 96 = 4*q - 2*v. Suppose 0 = -c + 2*r + q, 5*c - 1 = r + 44. What is the units digit of c?
8
Let q(t) = t**2 - 3*t. Let v be q(6). Suppose -y + 4*y - v = 0. Suppose -y = -4*s + 2. What is the units digit of s?
2
Let o = -163 + 261. What is the tens digit of o?
9
Let c(v) = 0*v + 0*v - 5*v. What is the units digit of c(-2)?
0
Suppose 30 = d + 4*j, -4*d = 3*j + 66 - 225. What is the tens digit of d?
4
Suppose 5*f = p + 84, f + 5*p = 4*f - 68. What is the tens digit of f?
1
Suppose 80 = 7*l - 3*l. What is the tens digit of l?
2
Let a(x) = -7*x - 6. Let d be a(-12). What is the tens digit of d/(-4)*4/(-6)?
1
Let s = 2 + -1. Let t be (-6 - 0)/(s + -2). Suppose -w = -2 - t. What is the units digit of w?
8
Suppose -5*s + 24 + 10 = 3*u, 2*s + 2 = 0. Suppose 11*f + 56 = u*f. What is the tens digit of f?
2
Suppose 8 = -3*h - 4*g - 0*g, 4*h - 3*g = 31. Suppose 0 = z + h*n - 20, 6*z + 3*n = z + 32. What is the tens digit of (-50)/z*(-8)/10?
1
Let n = -8 + 5. What is the units digit of 24 - (-4)/(-6)*n?
6
Let m be (12/(-10))/(3/10). What is the tens digit of m/2*(-75)/10?
1
Suppose 0*r - 3*r = -5*j + 540, 100 = j + r. What is the tens digit of j?
0
Suppose -3*c + t = -2*t + 3, -3 = 4*c - 5*t. Let d be (-2 + 1/c)*-2. Suppose d = 3*q - 4. What is the units digit of q?
3
Let n = 9 + -6. Suppose 2*z - n*h + 0 = 3, 15 = 3*h. What is the units digit of z?
9
Let t = 16 - 13. Let w(n) = 4*n**2 + 3*n. Let z be w(-2). Suppose t*m = -1 + z. What is the units digit of m?
3
Let v be 1*(3 - -8 - -1). Suppose j - v = -0*j. What is the tens digit of j?
1
Suppose 0 = -q - 2*q + 507. What is the hundreds digit of q?
1
Let f be (-186)/9 - (-2)/3. What is the tens digit of f/(-30) - (-116)/6?
2
Let h(o) = 2*o**2 + 14*o - 16. Let i(b) = 3*b**2 + 27*b - 31. Let w(j) = -5*h(j) + 3*i(j). What is the units digit of w(9)?
5
Let g(u) = 4*u**2 - u + 6. Let p(o) = 3*o**2 - 2*o + 6. Let h(r) = -4*g(r) + 5*p(r). What is the units digit of h(-5)?
1
Suppose -3*y = 4*h + 12, -h - 12 = 3*h - 5*y. Let o be -1 + 2 - (-1)/(-1). Let n = o - h. What is the units digit of n?
3
Let j be 5 + -2 - (3 + -4). What is the tens digit of 158/j - 36/(-24)?
4
Let u(k) be the third derivative of k**4/24 + 2*k**3/3 + k**2. Let o be u(-3). Let v = o + 4. What is the units digit of v?
5
Suppose -5*a + 2 = -23. Suppose 0 = -5*n - a. Let y = n - -2. What is the units digit of y?
1
Let o = -4 - 2. Let u be (o/(-2))/(6/4). Suppose 10 = u*c, 0 = -t + 4*c - 8 - 9. What is the units digit of t?
3
Let g(v) = -7*v**3 - 5*v + 4*v - v**3. Let k be (-7)/14 - (-2)/(-4). What is the units digit of g(k)?
9
Let l = 6 - 20. Let q = l - -26. What is the units digit of q?
2
Suppose -5*s - p = -197, s - 77 = -s - p. What is the tens digit of s?
4
What is the units digit of 12/9*123 - (2 + 1)?
1
Suppose 2 = 3*z + 2*u - 4, 5*u + 8 = 4*z. What is the tens digit of (z - (-5)/(-1)) + 16?
1
Let d(o) = o**2 + 3*o + 4. What is the units digit of d(-4)?
8
Suppose -3*q + q - 2 = 0. Let b(c) = -c**3 + 2*c + 1. Let d be b(q). Suppose 4*s + 0 - 4 = d. What is the units digit of s?
1
Let d = 55 - 21. What is the units digit of d?
4
Let h(r) = 2*r**3 + 11*r**2 + 2*r - 10. What is the units digit of h(-5)?
5
Suppose -q - 8 = 3*q. Let l be 4*((-6)/(-4) - q). Suppose 2*w + l = 4*w. What is the units digit of w?
7
Suppose 1 = 2*r - 29. What is the units digit of r?
5
What is the tens digit of (-3)/6*(0 + -206)?
0
Let z = 5 + 7. Let p = -6 + z. Suppose -j + p*j = 3*l - 40, -3*j - 40 = -5*l. What is the units digit of l?
5
Suppose -7*w + 9*w = -5*j + 1244, 12 = -4*w. What is the hundreds digit of j?
2
What is the tens digit of (2/(-6))/(5/(-525))?
3
Suppose -5*y + 2*u = -263, -3*u + 3 + 0 = 0. What is the units digit of y?
3
What is the units digit of 3 + 22 - (-2 + 1)?
6
Let i be (-1 - -1) + -5 + 7. Let q(t) = i*t + 1 + 2*t**2 + 5 + 7*t - 3*t**2. What is the units digit of q(8)?
4
Suppose 5*i - 252 + 47 = 0. What is the tens digit of i?
4
Let z(m) = m**2 + 4*m + 4. Let j be z(-4). Suppose -5*b + 3*b + 25 = -5*c, 0 = -j*b + 4*c + 56. What is the tens digit of b?
1
Let f(j) = -3 + 0*j - 2*j + 6*j. What is the units digit of f(2)?
5
Let o(b) = b**3 + 5*b**2 - 7*b - 7. Let u(x) = -7*x**3 + 2*x - 1. Let a be u(1). Let y be o(a). Let k = 8 + y. What is the units digit of k?
7
Let q(v) = 3*v - 2. Suppose -4*l + 7 = -5. Let k be q(l). Suppose -s = -0 - k. What is the units digit of s?
7
Let x = 3 + -29. Let r be (-4)/x + 126/26. Suppose -j + r*j = 28. What is the units digit of j?
7
Suppose l = -l + 166. Let a = l + -44. What is the tens digit of a?
3
Let f(b) = 4*b**2 + 8*b - 2. What is the units digit of f(3)?
8
Let q(m) = m**3 + 10*m**2 - 5*m - 11. What is the tens digit of q(-10)?
3
Let w(q) = 18*q**2 - 2*q + 1. Suppose -c + 5 = 4*x, -1 = 3*x - 2*c - 2. What is the units digit of w(x)?
7
Suppose -4*m + 133 + 31 = 0. Let u = m - 23. What is the tens digit of u?
1
Let r = -9 - -14. Suppose -r = -2*f + 9. What is the units digit of f?
7
Suppose -n - 4 + 7 = 0. Suppose -5*v - 35 = -0*h + n*h, 0 = -4*v + 2*h - 50. What is the units digit of 8/(-20) + (-14)/v?
1
Let a = -19 - -34. Suppose 3*v + a = -2*v. What is the units digit of (v/9)/((-1)/33)?
1
Let m = 0 - -5. Let c be 34 - (2 + 3/(-1)). Suppose -c = -m*j - 0*j. What is the units digit of j?
7
Let x be (-139)/(-6) - (-5)/(-30). Let k = x + -5. What is the tens digit of k?
1
Let i be 2*1 - (7 + -4). Let c be 2/(-3) + 64/6. What is the units digit of -1 + c + i + -2?
6
Let i(x) be the first derivative of x**2/2 - 4*x + 6. Let s be 5 + 2 + -1 + 0. What is the units digit of i(s)?
2
Let a = 9 - 10. Let l = 2 + a. What is the units digit of l?
1
Suppose -6*l = -5*l - 2. Suppose -l*k + 82 = 20. What is the units digit of k?
1
Let r = -83 - -189. What is the tens digit of r?
0
Let p be (36/(-14))/((-3)/21). Suppose -n = -4*b - 6*n + 50, 4*n = -b + p. What is the tens digit of b?
1
Let m = -241 - -337. What is the tens digit of m?
9
Suppose 1 = -d - 1, 2*j - 52 = -4*d. What is the units digit of j?
0
Let i(b) = 9*b**2 - 1. Suppose 5*l + 0*l - 10 = 0. Let n = l + -3. What is the units digit of i(n)?
8
Let m = 1 - 11. Let b be ((-36)/30)/(3/m). Suppose -2*y + 58 = 4*d, -4*d = -0*d - b*y - 28. What is the units digit of d?
2
Let v = -4 + 12. Suppose 7 = 3*t - 2, s - v = -5*t. What is the units digit of (18/2)/(-6 - s)?
9
Suppose -499 = -5*m + 391. What is the tens digit of m?
7
Suppose 3*j = -2*m + 823, -2*j - 9*m + 547 = -6*m. What is the hundreds digit of j?
2
Let s(f) = -7*f - 4. Let d be s(-5). Suppose 3*r - 4*k = 0, 